of c(-8)?
9
Let k be (192/24)/(2/(-16)). What is the tens digit of (-144)/k*(-848)/(-6)?
1
Suppose 4*k = 5*k. Let r(h) = h + 28. What is the tens digit of r(k)?
2
Suppose 0 = -143*y + 148*y - 1375. What is the hundreds digit of y?
2
Let f(s) = 9*s - 2. Let w(j) = j**2 - 17*j + 18. Let r be w(16). Suppose 0 = r*q - 2*g - 8, 3*q - q - 5 = -g. What is the tens digit of f(q)?
2
Let q = 5085 - 3461. What is the units digit of q?
4
Let c be (-31632)/(-6) + -2*2/4. What is the units digit of ((-8)/12)/((-14)/c)?
1
Let h(o) = -o**2 + 10*o - 8. Let t(n) = -n + 1. Let v be t(-4). What is the units digit of h(v)?
7
What is the tens digit of 13/(-208) + 11938/32?
7
What is the units digit of 150/(2/20 + 26/65)?
0
Let w(o) = o - 2. Let s be w(6). Suppose -19*n + 12 = -13*n. Suppose n*a - s + 2 = 0. What is the units digit of a?
1
Suppose 3*c = -2*c + 905. Suppose -5*y + c = 4*h, 3*h = 5*y - 0*h - 188. What is the tens digit of y?
3
Suppose -4698 = 3*v - 9*v. What is the hundreds digit of v?
7
Let g be (-10)/4*(-12)/15. Let v(n) = 49*n - 2. Let p be v(g). Suppose -6*w + p = -2*w. What is the units digit of w?
4
Suppose -v - 5*v - 198 = 0. Let q be (-6)/(-4)*(-154)/v. Let o = q + 29. What is the tens digit of o?
3
Let b(n) be the first derivative of n**2 - 4*n - 12. Suppose 4 + 0 = 4*x - 4*k, -2*x - 4*k = -20. What is the units digit of b(x)?
4
Suppose -3*i + 7 = -8. Suppose -4 = -2*w + 3*p + 2, -5*w = -i*p - 20. What is the units digit of (-420)/(-18) - (-4)/w?
4
Let g(p) = 1128*p - 331. What is the thousands digit of g(2)?
1
Let w be -2*(-1 - -2)*-2. Suppose -3*k + 15 = 0, w*k + 65 = -0*r + r. What is the tens digit of r?
8
Let y(n) = n**2 + 13*n + 15. Suppose 0 = 4*s + 5*p + 44, -p + 5 - 1 = 0. What is the units digit of y(s)?
3
Let u = 380 - 118. What is the hundreds digit of u?
2
Let d = 17 + -12. Suppose d*f + 120 = 10*f - 5*t, -3*t = -2*f + 51. What is the tens digit of f + 0/(-1) + 4?
2
Let r = -547 - -2265. What is the hundreds digit of r?
7
Let u = 1364 - 419. What is the units digit of u?
5
Suppose -3*t + o = -3 + 1, 2*o + 2 = 5*t. Suppose p = -t*j + 309, -5*p + 4*j + 1236 = -p. What is the hundreds digit of p?
3
Suppose 4*d - 3*d = 3. Suppose -5*v + d*v = -66. What is the tens digit of v?
3
Let i = 143 + 51. What is the hundreds digit of i?
1
What is the units digit of ((-1540)/49)/(2/(-7))?
0
Suppose -5*y = 3*s - 1552, 4*s + y = 7*s - 1576. What is the units digit of s?
4
Suppose -o - 1683 = 2*o. Let w = -257 - o. What is the hundreds digit of w?
3
Let u be (-2)/8*0*1. Suppose -211 = -k + 3*i, -231 = -k - u*i - i. What is the units digit of k?
6
Let q = 415 - -212. What is the units digit of q?
7
Let d(v) = 6 - v**2 - 6 + 5 + 20*v + 12*v. What is the units digit of d(12)?
5
Let f = -77 + 147. What is the units digit of (-25)/((-34)/f + 18/63)?
5
Let g(f) = -24 - 777*f**2 + 776*f**2 - 4 + 22*f. What is the units digit of g(12)?
2
Suppose 0 = -117*p + 110*p + 5901. What is the hundreds digit of p?
8
Let s(w) = 8*w + 1. Let u = 49 + -27. What is the hundreds digit of s(u)?
1
Let g = -271 + 621. Suppose -g = -5*i + 3*k - 8*k, -2*i - 3*k = -138. What is the tens digit of i?
7
Let s(a) be the third derivative of -a**6/120 - 7*a**5/60 + 5*a**4/12 + 2*a**3 + a**2. Let x be s(-8). What is the units digit of (-1 - 0/x) + 3?
2
Let h(f) = -f**2 + 6*f + 19. Let s be h(7). What is the hundreds digit of (225/s)/(-3*(-4)/96)?
1
What is the hundreds digit of 2 + 812 - (-390)/39?
8
Let p be ((-162)/(-90))/((-3)/(-5)). Suppose -113 - 73 = -p*s. What is the tens digit of s?
6
Let i be (141 + 1)/(9/9). Suppose -i = 4*a - 6*a. What is the tens digit of a?
7
Let h(a) = a**2 - 7*a. Let l be h(4). What is the hundreds digit of 230 + 9/(-3) + l/(-6)?
2
Suppose -3*k = -2*k + 1, 0 = -3*x - 5*k + 4. What is the hundreds digit of 112 - (-4 + x)/((-2)/6)?
1
Let w(y) = 28*y - 5. Let z(x) = -x**2 + 10*x - 7. Let m be z(9). Let h be w(m). What is the units digit of 100/(-6)*h/(-34)?
5
Suppose o + 55 = d, -5*d + 277 = -4*o + o. Let p = -39 + d. Let b = p - 11. What is the units digit of b?
6
Let o = -33 - -37. Let p(x) = x**2 - 8*x + 10. Let t be p(7). Suppose i + u - o = 0, 0 = i - t*u - 0*u - 24. What is the units digit of i?
9
Let z(l) be the second derivative of -l**4/12 + 3*l**3 + 15*l**2/2 + 3*l. What is the units digit of z(14)?
1
Let x = 191 + -15. Let b = x - 103. What is the units digit of b?
3
Let t = 14 - 18. Let o be -60*(1 - 4 - t). Let h = -29 - o. What is the tens digit of h?
3
Let c(y) = y**3 + 10*y**2 + 13*y - 1. What is the units digit of c(8)?
5
Suppose -4*b - 8*x = -13*x - 4393, -4378 = -4*b + 2*x. What is the tens digit of b?
9
Let b be (-54)/(-10) - (-2)/(-5). Suppose -5*f - a - 20 - 52 = 0, b*a = f + 4. What is the units digit of (f/(-4) + 1)*2?
9
Suppose u - 1620 = 1123. What is the units digit of u?
3
Let m(s) = 200*s - 293. What is the hundreds digit of m(17)?
1
Let a = -1382 - -1968. What is the units digit of a?
6
Suppose 16*d - 23*d + 33425 = 0. What is the thousands digit of d?
4
Suppose 4*i + 0*f + f - 42 = 0, 14 = i + 2*f. What is the units digit of i?
0
Let g(d) = 7*d - 50. What is the units digit of g(18)?
6
Let g be -23 - (-2 - (-3 - -5)). Let d = g - -24. Suppose 5*w = 4*c - 73, 99 - 29 = d*c - 2*w. What is the units digit of c?
2
Let t(k) = 25*k - 39. What is the tens digit of t(18)?
1
Suppose 0 = -2*o + 3*l + 705, 4*o = 7*l - 11*l + 1380. What is the hundreds digit of o?
3
Suppose 10*m + 5 = 5*m. What is the units digit of 12*6 + 1 + m?
2
Suppose -110 = -3*h + 19. Let y = -35 + h. What is the units digit of y?
8
Let y(k) = -k**3 + 7*k**2 - 5*k + 2. Let c be y(5). Let h = -27 + c. Suppose 4*u + 0*u - 20 = h. What is the units digit of u?
5
Let j be (24/(-10))/3*(-4980)/12. Suppose -2*q + 228 = 5*t, t - j = -3*q - 4*t. What is the units digit of q?
4
Suppose 0 = 3*j - 7 - 26. Suppose -4*i - 30 = -3*p - 4, 3*p = i + j. What is the tens digit of p/3*90/3?
2
Suppose -3*y - 15 = -27. Suppose -h - y*i + 5*i = -110, -4*h = i - 445. What is the tens digit of h?
1
Suppose -4*o = -2*o - 86. Suppose -387 = -5*v - 42. Suppose 4*r = v + o. What is the units digit of r?
8
Let f = -2201 - -3195. What is the tens digit of f?
9
Suppose 4*p - 5*q - 7994 = 0, -4*q + 3*q + 4004 = 2*p. What is the units digit of p?
1
Suppose -5*b - 8 = -58. What is the units digit of 575/b - (-1)/2?
8
Let z(n) = 2*n**3 + 2*n**2 + 5*n - 7. Suppose 0 = -28*m + 24*m + 12. What is the units digit of z(m)?
0
Let f be 0 + 1 - (-2)/(-2). Suppose f = -4*u - 2 + 6. Let y(t) = 12*t**2 - t. What is the tens digit of y(u)?
1
Let v(l) = -122 - 3*l**2 + 122 + l - l**3. Let r be v(-3). What is the units digit of (-2)/r*(8 - -1)?
6
Suppose 5*l + 55 = -2*y, 3*y - l - 172 = 8*y. Let h = 426 + -368. Let q = y + h. What is the units digit of q?
3
Suppose 42 = 4*q + 18. Let w(c) = c**3 - 2*c**2 + 6*c - 9. What is the units digit of w(q)?
1
Let j(g) = -48*g + 65. Let k be ((-20)/(-6))/(46/(-69)). What is the units digit of j(k)?
5
Suppose -342 - 165 = -3*q. Let o = -96 + q. What is the units digit of o?
3
Suppose 8*q = 6*q + 36. Suppose 4*n = 5*n + q. What is the units digit of n/(-4) + (-3)/(-6)?
5
Suppose 177*v - 169*v - 1872 = 0. What is the hundreds digit of v?
2
Suppose 5*t = -4*a + 13521, a - 5422 = -2*t - 4*a. What is the hundreds digit of t?
7
Suppose -5*v - 17 = 3. Let j be (-6)/(-2) + 8/v. Suppose -39 - j = -5*w. What is the units digit of w?
8
Suppose 4*q - 156 = -2*x - 8, -2*q + 86 = -2*x. Suppose -12 = -4*r, 0*r + r = 3*t - q. What is the tens digit of t?
1
Suppose 0*a = -a + 12. What is the units digit of (-3 - -15) + a/3?
6
Let c = 2 + 3. Suppose 0 = -5*y - c*h + 30, -3*y - 4*h + 0*h + 20 = 0. What is the tens digit of 205/20 + (-1)/y?
1
Suppose 5*k + m - 910 = -0*k, -5*m = -4*k + 728. What is the tens digit of k?
8
Let y = 6696 - 1734. What is the units digit of y?
2
Let x be 252/49 + 3/(-21). Suppose 0 = 5*k - 2*c + x*c - 106, 2*c = -2*k + 40. What is the tens digit of k?
2
Suppose -3*b + 9 = 0, 5*f + 0*b - 12 = b. Suppose -2*v = v + f, -4*o + 445 = 3*v. What is the units digit of o?
2
What is the tens digit of (-5466)/(-10) + (-54)/90?
4
Let h(k) = 3*k + 57. Suppose f - 2 = -7, 13 = -4*l + 3*f. What is the units digit of h(l)?
6
Let h(j) = 789*j**2 - 49*j - 48. What is the hundr